{"id":152,"date":"2013-11-30T20:11:53","date_gmt":"2013-11-30T19:11:53","guid":{"rendered":"http:\/\/ystadsjohistoriska.se\/?page_id=152"},"modified":"2013-11-30T20:14:31","modified_gmt":"2013-11-30T19:14:31","slug":"samverkansavtal-med-ystad-kommun","status":"publish","type":"page","link":"https:\/\/ystadsjohistoriska.se\/?page_id=152","title":{"rendered":"Samverkansavtal med Ystad kommun"},"content":{"rendered":"<p>Ystad kommun k\u00f6pte i september 2013 fyrbyggnaden Ystad \u00d6vre av Sj\u00f6fartsverket f\u00f6r 1 krona. I \u00f6verenskommelsen ingick ett bidrag p\u00e5 400 000 kr, som ska g\u00e5 till renovering av fyren.<\/p>\n<p><a href=\"http:\/\/ystadsjohistoriska.se\/wp-content\/uploads\/2013\/11\/dec-11-028.jpg\"><img decoding=\"async\" loading=\"lazy\" class=\"alignright size-medium wp-image-73\" alt=\"dec-11 028\" src=\"http:\/\/ystadsjohistoriska.se\/wp-content\/uploads\/2013\/11\/dec-11-028-300x168.jpg\" width=\"300\" height=\"168\" srcset=\"https:\/\/ystadsjohistoriska.se\/wp-content\/uploads\/2013\/11\/dec-11-028-300x168.jpg 300w, https:\/\/ystadsjohistoriska.se\/wp-content\/uploads\/2013\/11\/dec-11-028-1024x576.jpg 1024w\" sizes=\"(max-width: 300px) 100vw, 300px\" \/><\/a><\/p>\n<p>Kommunen och Sj\u00f6historiska f\u00f6reningen i Ystad har en gemensam str\u00e4van efter att \u00e5terskapa och visa stadens sj\u00f6historia, och har skrivit ett avtal om ansvarsf\u00f6rdelningen i arbetet med att rusta upp och\u00a0underh\u00e5lla fyren och pegelhuset.<\/p>\n<p>Kommunen st\u00e5r som best\u00e4llare av restaureringen och avs\u00e4tter en \u00e5rlig summa f\u00f6r service- och underh\u00e5llskostnader. Sj\u00f6historiska f\u00f6reningen\u00a0\u00e5tar sig i sin tur att h\u00e5lla byggnaderna \u00f6ppna f\u00f6r visningar vissa dagar under sommarm\u00e5naderna. F\u00f6reningen ska ocks\u00e5 sammanst\u00e4lla och dela med sig av den historiska dokumentationen.<\/p>\n","protected":false},"excerpt":{"rendered":"<p>Ystad kommun k\u00f6pte i september 2013 fyrbyggnaden Ystad \u00d6vre av Sj\u00f6fartsverket f\u00f6r 1 krona. I \u00f6verenskommelsen ingick ett bidrag p\u00e5 400 000 kr, som ska g\u00e5 till renovering av fyren. Kommunen och Sj\u00f6historiska f\u00f6reningen i Ystad har en gemensam str\u00e4van<span class=\"ellipsis\">&hellip;<\/span><\/p>\n<div class=\"read-more\"><a href=\"https:\/\/ystadsjohistoriska.se\/?page_id=152\">L\u00e4s mer &#8250;<\/a><\/div>\n<p><!-- end of .read-more --><\/p>\n","protected":false},"author":2,"featured_media":0,"parent":14,"menu_order":0,"comment_status":"closed","ping_status":"closed","template":"full-width-page.php","meta":{"footnotes":""},"_links":{"self":[{"href":"https:\/\/ystadsjohistoriska.se\/index.php?rest_route=\/wp\/v2\/pages\/152"}],"collection":[{"href":"https:\/\/ystadsjohistoriska.se\/index.php?rest_route=\/wp\/v2\/pages"}],"about":[{"href":"https:\/\/ystadsjohistoriska.se\/index.php?rest_route=\/wp\/v2\/types\/page"}],"author":[{"embeddable":true,"href":"https:\/\/ystadsjohistoriska.se\/index.php?rest_route=\/wp\/v2\/users\/2"}],"replies":[{"embeddable":true,"href":"https:\/\/ystadsjohistoriska.se\/index.php?rest_route=%2Fwp%2Fv2%2Fcomments&post=152"}],"version-history":[{"count":3,"href":"https:\/\/ystadsjohistoriska.se\/index.php?rest_route=\/wp\/v2\/pages\/152\/revisions"}],"predecessor-version":[{"id":156,"href":"https:\/\/ystadsjohistoriska.se\/index.php?rest_route=\/wp\/v2\/pages\/152\/revisions\/156"}],"up":[{"embeddable":true,"href":"https:\/\/ystadsjohistoriska.se\/index.php?rest_route=\/wp\/v2\/pages\/14"}],"wp:attachment":[{"href":"https:\/\/ystadsjohistoriska.se\/index.php?rest_route=%2Fwp%2Fv2%2Fmedia&parent=152"}],"curies":[{"name":"wp","href":"https:\/\/api.w.org\/{rel}","templated":true}]}}